- 2*p + 11 = 0, -4*u + 35 = 7*p - 2*p. Suppose 0 = -0*o + 3*o - 57. Calculate the remainder when o is divided by u.
4
Suppose -k + 4*k = -2*s + 19, 2*k = -4*s + 26. What is the remainder when 13 is divided by s?
3
Suppose 4*z - 59 - 17 = 0. Suppose 3*n - 22 = -1. Let k = n + -2. Calculate the remainder when z is divided by k.
4
Let x be (-3)/(-1) + -2 - 1. Suppose -2*v + 8 + 26 = x. Suppose 4*o = o + 96. Calculate the remainder when o is divided by v.
15
Calculate the remainder when (-158)/(-6) - 7/21 is divided by 14.
12
Let v(z) = -4*z**3 - 3*z - 4. Let b(f) = 8*f**3 + f**2 - 1. Calculate the remainder when b(1) is divided by v(-1).
2
Calculate the remainder when 5/7*41 - 10/35 is divided by 4.
1
Suppose -4*k = -4*n + 72, 34 + 76 = 5*n - k. What is the remainder when n is divided by 8?
7
Let r = -4 - -2. Let z(q) = -21*q - 5. Calculate the remainder when z(r) is divided by 13.
11
Suppose 110 = 3*d + 32. Let h = d + -6. What is the remainder when 79 is divided by h?
19
Let z be (-570)/(-110) + 4/(-22). Suppose -f - f = -2*c - 6, 4*f + z*c = 21. Calculate the remainder when 10 is divided by f.
2
Suppose z - j = 12, -2*z + j = -28 + 6. What is the remainder when (-32)/(-2)*20/z is divided by 11?
10
Suppose -5*w + 5*x = 0, 4*w - 2*x - 3*x = -1. Let h(m) = 48*m - 2. Let r = 13 + -1. What is the remainder when h(w) is divided by r?
10
Suppose -18 = -2*q + 110. Calculate the remainder when q is divided by 33.
31
Suppose -49 = -5*n - 2*c - 8, -2*n + 16 = c. Suppose -2*k + 38 - 4 = 0. Calculate the remainder when k is divided by n.
8
Let j = 97 - -86. Let p be 2*((-3)/(-2))/1. Suppose p*q + 24 = j. What is the remainder when q is divided by 18?
17
Let h = 21 - 20. Let x = -1 - -6. Suppose -x = -m + h. Calculate the remainder when 11 is divided by m.
5
Suppose 5 = -5*t - 5*j, -t - 2*t - 11 = 5*j. Suppose t*i + 118 = 5*i. What is the remainder when i is divided by 20?
19
Let y(v) = 2*v**3 + v**2 - 1 + 3*v**2 - v**3. Let b(a) = -a**3 + 7*a**2 + 10*a - 1. What is the remainder when b(8) is divided by y(-3)?
7
Let o be ((-2)/5)/((-3)/15). Suppose 3*r - 2*h - 92 = 0, -81 = -o*r - 4*h - 9. What is the remainder when r is divided by 17?
15
Let r = 2 - -4. Let c = 2 + 0. Suppose -3 = c*a - 11. Calculate the remainder when r is divided by a.
2
Let c = 57 + -24. Calculate the remainder when c is divided by 12.
9
Calculate the remainder when -86*2*(-5)/20 is divided by 16.
11
Let r = 3 + -3. Let c(h) = 3 - 1 - h**3 - 2*h**2 + 5*h + r*h + 1. What is the remainder when c(-5) is divided by 18?
17
Let f(g) = g**3 - 5*g**2 + 4*g - 1. Suppose t + 0 + 9 = 3*b, -3*t + 4*b = 2. Calculate the remainder when f(t) is divided by 20.
19
Suppose 0 = 2*k + 8, 0*k = f + k - 3. Calculate the remainder when 35 is divided by ((-72)/(-28))/(1/f).
17
Let f = -10 + 20. Calculate the remainder when f is divided by 4.
2
Suppose 7*s = 135 + 40. What is the remainder when s is divided by 14?
11
Suppose 3*n + 11 = -19. Calculate the remainder when 26 is divided by (-21)/(n/4 + 1).
12
Let t be 8/(-20) + (-44)/(-10). Suppose t - 2 = 2*c. What is the remainder when 36 is divided by 12 - (c + 0 + -2)?
10
Suppose -12*d + 10*d + 30 = 0. Calculate the remainder when 58 is divided by d.
13
Let r(d) = d**2 + 4*d - 5. What is the remainder when 68 is divided by r(2)?
5
Let y(o) = -o**3 - 3*o**2 - 2*o - 2. Let i be y(-3). What is the remainder when (4/(-2))/(i/(-76)) is divided by 13?
12
Let o(w) = 3*w - 18. What is the remainder when 70 is divided by o(10)?
10
Suppose 0 = -4*i, -3*i - 8 = 3*r - r. Calculate the remainder when 38 is divided by 20 + -5 + r/2.
12
Suppose -2*i + 78 = i. Let f = i + -15. Suppose 0 = 4*q - 6 - 18. What is the remainder when f is divided by q?
5
Let k = -80 - -114. What is the remainder when k is divided by 19?
15
Let h = 17 - 12. What is the remainder when 17 is divided by h?
2
Let v(j) = -j**2 - 10*j + 1. What is the remainder when 17 is divided by v(-9)?
7
Let w be 5 + 2*(0 + -1). Suppose -3*l + 6*m = 4*m - 88, -l + 31 = -m. Suppose -w*i + l = -i. Calculate the remainder when 37 is divided by i.
11
Suppose 5*p - 55 = 2*x, -2*x + 5*x = 0. Suppose -n + 54 = a, 5*a = 4*n - 6*n + 114. Calculate the remainder when n is divided by p.
8
Let y(z) = 3*z**2 + 2*z - 1. Suppose 0 = -2*n + 3*w + 13, -2*n + 12 = -4*w - 2. What is the remainder when n is divided by y(1)?
1
Let k = -70 + 77. Calculate the remainder when 11 is divided by k.
4
Let j = -12 - -36. What is the remainder when 46 is divided by j?
22
Suppose 0 = 5*d - 130 + 15. Calculate the remainder when 43 is divided by d.
20
Let l(j) = -7*j. Calculate the remainder when l(-6) is divided by ((-15)/4)/((-4)/16).
12
Suppose -5*k + 22 = p - 3*p, 4 = p. Let y(g) = 5*g + 8. Let w(h) = -14*h - 1. Calculate the remainder when y(k) is divided by w(-1).
12
Let c = 12 - 7. Let n be (-4)/6 - (-28)/6. Suppose 3*w - 2*k = 12, -k - 20 = -n*w - 4. Calculate the remainder when c is divided by w.
1
Suppose -5*o - 4*y = -o - 80, 2*o - 39 = -3*y. Let j(p) = 3*p**2 + 5*p. What is the remainder when o is divided by j(-3)?
9
Suppose -360 = -4*y - y. Suppose -5*z = -187 + y. Suppose 2*h - z = -3*n, 5*h - 6*n + n - 120 = 0. What is the remainder when 55 is divided by h?
17
Let k(w) = w**3 - 3*w**2 - 7*w. Let r(i) = -27*i. What is the remainder when r(-1) is divided by k(5)?
12
Let h = -22 - -45. Calculate the remainder when h is divided by 8 + 2*4/8.
5
Let r = -2 + 6. Suppose 0*o + 188 = r*o. Calculate the remainder when o is divided by 12.
11
Let l be 2/5 + (-84)/(-15). Calculate the remainder when 16 is divided by (l/4)/((-3)/(-12)).
4
Suppose 33 = j - 11. Calculate the remainder when j is divided by 15.
14
Let y = 16 + -10. What is the remainder when y is divided by (18/(-15))/(3 + 68/(-20))?
0
Suppose -a - 3*a + 312 = 0. Calculate the remainder when a is divided by 20.
18
Let g(w) = -w + 12. Let q be g(9). Suppose -q*o + 62 = 2*x, 0*o + 4*x - 14 = -o. What is the remainder when o is divided by 12?
10
Suppose 1 - 26 = -5*d. Suppose 164 = d*m - m. Suppose -26 = -3*v + 37. What is the remainder when m is divided by v?
20
Suppose -q = -c - 98, 315 = 3*q - 0*c + 4*c. Suppose q = 5*f - 89. Let x = f - 19. What is the remainder when x is divided by 7?
5
Let x(u) = 24*u**3 - u**2 - 2*u + 2. What is the remainder when x(1) is divided by (16/(-6))/((-4)/18)?
11
Suppose -58 = -2*d + 5*k, -4*d - 36*k + 96 = -41*k. Let t be 40/6 + (-2)/3. Let x = t - -1. Calculate the remainder when d is divided by x.
5
Suppose 0 = -2*n + z + 90, -5*n + 265 = -4*z + 46. Calculate the remainder when n is divided by 6.
5
Suppose -5*i = -5*f + 15, -3*f + 16 = 6*i - 2*i. Calculate the remainder when f is divided by 4.
0
Let b = -18 + 39. What is the remainder when (5 - 4)/((-3)/(-87)) is divided by 2/(-4) - b/(-2)?
9
Suppose -5 = -5*s - 0*v + 5*v, -9 = -3*v. What is the remainder when 9 is divided by s?
1
Let x(o) = -15*o**3 - o**2 - o - 1. Let u be x(-1). Suppose 6*k - u = -l + 2*k, -5*l + 70 = -5*k. What is the remainder when l is divided by 4?
2
Let h = -13 - -31. Calculate the remainder when 67 is divided by h.
13
Suppose 3*p = -13 - 2, 0 = -g + 5*p + 27. Suppose -3 = -g*n - 0*n - 3*t, n - 14 = t. Calculate the remainder when 16 is divided by n.
7
Let s(y) = y**3 + 6*y**2 + 3*y - 6. What is the remainder when 10 is divided by s(-5)?
2
Suppose -3*v - 3*m = 2*m - 160, -4*v + m + 244 = 0. Suppose 8 = 4*w, -29 = -0*a - a - 4*w. What is the remainder when v is divided by a?
18
Let q be (10/2)/((-2)/(-2)). Suppose 0 = -5*m - q + 35. Calculate the remainder when m is divided by 6/2 - (-2)/2.
2
Let h be (-8)/(1 + 3) - -18. Suppose 0*f = 3*u - 2*f - 49, 2*u + 2*f = h. Calculate the remainder when 25 is divided by u.
12
Let g(o) = o**2 - 13*o + 16. Let d be g(12). Let f(r) be the third derivative of 5*r**4/24 - r**2. Calculate the remainder when 58 is divided by f(d).
18
Suppose -15*a = -17*a. Suppose a = -c - 8 + 30. What is the remainder when 42 is divided by c?
20
Let b = 0 - 2. Let j(g) = 2*g**2 - 2*g + 1. What is the remainder when 36 is divided by j(b)?
10
Suppose 5*t + 20 = -w, 0*w - w = t + 8. What is the remainder when (-1)/(-2 + (-57)/(-29)) is divided by -20*(w/(-2) + -3)?
9
Let j = 83 - 37. Suppose 0 = -4*s + 14 + j. What is the remainder when 127/3 - (-2)/3 is divi